igit of r?
2
Let j(a) = a**3 - 15*a**2 + 15*a - 8. Let f be j(14). Suppose -f*u - 158 = -3068. What is the hundreds digit of u?
4
Suppose -517 + 1792 = 5*x. Let a be 1*((-1)/(-5)*0)/2. Suppose 5*j - 4*o - 1245 = a, o = j - o - x. What is the tens digit of j?
4
Let a(g) = g**2 + 27*g - 28. Let y be 42/15*(-11 + 1). Let f be a(y). Suppose -12*j + 9*j + 159 = f. What is the units digit of j?
3
Let r be 23/(483/54)*(0 + 7). Suppose 0 = -r*x + 7259 - 1013. What is the units digit of x?
7
Let a = 144861 + -95125. What is the ten thousands digit of a?
4
Let a(u) = -3*u - 13. Let j be a(-5). Suppose -2*h + 2*n = -3*h - 4, -j*n - 8 = 0. Suppose -q - 3 = -h, q + 104 = y. What is the units digit of y?
5
Let j(m) = -2*m**3 + 2*m - 2. Let a be j(1). Let u(g) = 4*g - 8. Let l be u(a). What is the tens digit of 43*((-20)/l + 2/(-8))?
4
Let o = -153 + 362. Suppose -5*p + 165 + 188 = -2*a, 0 = 3*p - 4*a - o. Suppose -3*m + 10 + p = 0. What is the units digit of m?
7
Let i(m) = m**3 + 4*m**2 + 3*m - 1. Let k = 31 + -33. Let b = 0 + k. What is the units digit of i(b)?
1
Let j = -68 - -68. Suppose 0 = -5*u - q - 28, -3*u - 2*q = -j*q + 14. What is the units digit of ((-657)/u)/(5/(20/3))?
6
Let c = 2296 - 450. What is the units digit of c?
6
Suppose 22*a + z = 26*a - 63441, -2*a = 5*z - 31693. What is the tens digit of a?
5
Let f(k) = 432*k**2 - 24*k - 44. Let c be f(-2). Let s = c - 1080. What is the hundreds digit of s?
6
Let q = 417 - 406. Let m(h) = -h**2 + 37*h - 33. What is the tens digit of m(q)?
5
Suppose 10*l - 15*l + 25 = 0, 0 = 5*h + 2*l - 22935. What is the thousands digit of h?
4
Let a = 1135 + -353. What is the tens digit of a?
8
What is the units digit of 646*13 - (18 + -17)*5?
3
Let q(l) = 157*l - 8. Suppose -c - 2*g = 5, 6*c - c - 4*g - 31 = 0. Let r be q(c). Let t = r + -330. What is the units digit of t?
3
Let v(x) = 734*x - 553. What is the thousands digit of v(4)?
2
Let a(w) = w**3 + 10*w**2 + 20*w + 30. Let i be a(-8). Let z(x) = x + 20*x**2 - x - x - 2. What is the units digit of z(i)?
0
Let f(l) = 5*l - 74. Let r be f(30). Suppose 4*n - 262 = 2*q, n - 3*q + 8 = r. What is the tens digit of n?
6
Suppose 0 = 2*q - 19 + 21. Let k be (3 - q)*((-1)/(-2) - 0). What is the units digit of (66 - 2) + 0/(-2) - k?
2
Suppose -5*k + 5*u + 35976 + 184999 = 0, -5*k = 4*u - 221038. What is the units digit of k?
2
Suppose 3*k = -5*k + 32. Suppose -8*g + k*g + 1724 = 0. What is the hundreds digit of g?
4
Let h(k) = 18*k**3 + k**2 + k - 2. Let q = 97 + -87. Suppose -w - w = -q, -3*c + 21 = 3*w. What is the tens digit of h(c)?
4
Let l(c) = -c**2 - c - 1. Let r(o) = -o**2 - 6*o - 7. Let z(a) = -5*l(a) + r(a). Let k be ((-6)/21)/((-116)/(-406)). What is the units digit of z(k)?
3
Let q(s) = 12*s + 58. Let x be q(-4). Let a(v) = 3*v**2 + 3*v + 6. What is the hundreds digit of a(x)?
3
Let q(s) = 31*s - 1554. Let k be q(51). Let y be (-14)/(-4) - (-2)/4. Suppose -y*d + d = -k. What is the units digit of d?
9
Let a(p) = p + 9. Let l(m) = 2*m + 19. Let n(d) = -13*a(d) + 6*l(d). What is the units digit of n(-10)?
7
Suppose 2*q - 10990 - 12281 = -3*a, 4*q - 31028 = -4*a. What is the hundreds digit of a?
7
Suppose 10*v - 926 = 189684. What is the hundreds digit of v?
0
Let y(f) = 12*f**2 + 5*f + 16. Let u be y(-5). Suppose -5*n - u = -1121. Suppose 3*a = 4*l + 170, -5*l + 0*l - n = -3*a. What is the tens digit of a?
6
Suppose 8*l + 126 = 26*l. Suppose -l*p = -14*p + 1869. What is the tens digit of p?
6
Let g(f) = 617*f - 395*f - 313*f - 143. What is the tens digit of g(-5)?
1
Let x(n) be the first derivative of 5*n**3/6 + 21*n**2/2 - 20*n - 22. Let k(j) be the first derivative of x(j). What is the units digit of k(6)?
1
Let i(z) = -2554*z + 6128. What is the hundreds digit of i(-17)?
5
Let j(u) = u**3 + 17*u**2 - 39*u + 13. Let v = -580 - -564. What is the hundreds digit of j(v)?
8
Let y be 5*((-287)/(-5) - 2). Suppose 0 = k + 4*p + 166, 2*k = 4*p - p - y. Let c = k + 210. What is the units digit of c?
4
Suppose -5*q - 4*w + 415 = 0, 2*w + 3*w + 199 = 2*q. Let u = q - 88. What is the tens digit of (4 - -85) + (u - -1)?
8
Let b(h) = 1095*h**2 + 39*h - 39. Let f be b(1). Suppose 0 = i - f + 289. What is the units digit of i?
6
Let i = -39 - -37. What is the tens digit of (-10 - -15)/((i/(-70))/1)?
7
Suppose -649*x + 16025 = -644*x. Suppose -7*d = -x - 2045. What is the tens digit of d?
5
Suppose -654 = 21*v - 18*v. Let o = 4 - v. What is the units digit of o?
2
Let o(l) = l**2 + 14*l + 13. Let x be o(-10). Let j(v) = -2*v - 11. Let u be j(14). Let g = x - u. What is the units digit of g?
2
Suppose 0 = -5*s - 8 + 3. Let a be -3 + s - (-19 + 0). What is the units digit of -8*(0 + a/(-2))?
0
Let l = -69717 + 98385. What is the thousands digit of l?
8
Let l(o) = 586*o - 1430. What is the hundreds digit of l(22)?
4
Suppose 0 = 5*w - 418 - 677. Let a = 245 - w. What is the tens digit of a?
2
Suppose 0 = -2*y - i + 36961, 0 = 68*y - 63*y - i - 92385. What is the hundreds digit of y?
4
Let z(i) = -i**3 + 47*i**2 + 69*i - 122. What is the thousands digit of z(45)?
7
Let o(v) be the second derivative of -23*v**3/3 - 72*v**2 + v - 35. What is the tens digit of o(-17)?
3
Let m = -36797 + 66428. What is the thousands digit of m?
9
Let z = 14 + -23. Let r = -544 + 535. What is the tens digit of 8/((z/4)/r)?
3
Suppose 0 = -y - 3, 0 = 4*s - 5*y + 3395 - 11178. What is the hundreds digit of s?
9
Let y be ((-5)/1)/5 - 2. Let w(l) = -161*l - 47. What is the units digit of w(y)?
6
Let z(k) be the first derivative of 38*k**3/3 - 13*k - 55. What is the tens digit of z(3)?
2
Let r(t) = -3*t**2 + 34*t + 26. Let w be r(12). Suppose 7*u - 5*u = 2*h + 102, 3*u - 138 = -w*h. What is the units digit of u?
8
Suppose 6*i - 8*i = -q + 18556, 0 = -q + 4*i + 18538. What is the tens digit of q?
7
Let k = 18 + -15. Suppose 2*g = 6, g = -0*d - k*d + 12. Suppose d*w - 5 = -2*q, 4*w - 11 = -3*q + 3*w. What is the units digit of q?
4
Let m be ((-33)/(-9) + -3)*6. What is the tens digit of 1006/m*16/8?
0
Suppose 20*b + 315*b - 2012680 = 0. What is the hundreds digit of b?
0
Let x = 5575 - 1701. What is the tens digit of x?
7
What is the ten thousands digit of -1 + 3 - (163578/5)/((-280)/700)?
8
Suppose -535*v + 417*v + 316340 = -429656. What is the tens digit of v?
2
Suppose -47*v - 20*v + 1238496 = -19*v. What is the thousands digit of v?
5
Suppose 0 = -10*a + 12*a. Suppose 0 = -p + 3 - a. Suppose 35 = p*c - 19. What is the units digit of c?
8
Suppose -4*m + 4152 = 4*y, 5*y - 2*m - 1080 = 4131. What is the thousands digit of y?
1
Suppose -2*g = 77 + 19. What is the units digit of g/80*1*(-1370)/2?
1
Suppose 16646 = 10*f - 0*f - 19874. What is the units digit of f?
2
Let q = 217 - 196. What is the units digit of 510 + (-7)/(q/15) + 2?
7
Suppose -5*d + 4*r = -37473, 22*d - r = 27*d - 37463. What is the thousands digit of d?
7
Suppose 15*l - 14*l - 5*a - 1015 = 0, -4*l - 4*a = -4036. What is the units digit of l?
0
Let x(g) = -29*g - 202. Let c be x(-30). Let k = c - 345. What is the tens digit of k?
2
Let h = 5696 + 4206. What is the tens digit of h?
0
Let t = -211 + 177. What is the tens digit of (t + 36)*(1138/4 + 0)?
6
Suppose 0 = 5*l + n + 1996, -5*l - 2*n = -0*n + 1997. Let b = l + 635. What is the units digit of b?
6
Let m(o) = -3*o + 10. Let c(b) = b**2 + 8*b + 8. Let g be c(-5). Let k be m(g). Let r = k + 1. What is the tens digit of r?
3
What is the thousands digit of -8581*(26/(-22) - (-16)/88)?
8
What is the hundreds digit of (-6*(-12)/(-36))/((-4)/16968)?
4
Suppose 0 = -a + 5*v + 41, -5*a + 2*v = -2*v - 268. Let o = 40 + -14. Let s = a + o. What is the tens digit of s?
8
Let q(l) = -l**2 + 9*l + 77. Let d be q(14). Suppose -d*b + 20 = -3*b, k - 199 = 5*b. What is the units digit of k?
4
Let v be (-3 + -3)*(1 + -5 + 5). Let s be 0*(-3)/(-12)*(-10 - v). Suppose -4*f + 189 = 3*l, s = 5*f - 2*l - 0*l - 242. What is the units digit of f?
8
Let q(j) = -13*j + 2. Let n(h) = 40*h - 6. Suppose 6*c + 10 = 8*c. Let b(x) = c*n(x) + 16*q(x). What is the tens digit of b(-7)?
5
Let q(o) = -o**3 - 34*o**2 - 7*o - 113. Let t be q(-34). Let s = t + 642. What is the units digit of s?
7
Let f(h) = -78 - 4*h + h + 12*h + 77. Let i be f(5). Let y = 2 + i. What is the tens digit of y?
4
Let z = 1620 - 267. Let n = -96